{"id":320,"date":"2025-11-20T12:51:39","date_gmt":"2025-11-20T11:51:39","guid":{"rendered":"https:\/\/departamento.us.es\/microccs\/?page_id=320"},"modified":"2026-03-06T13:26:43","modified_gmt":"2026-03-06T12:26:43","slug":"tramites-administrativos","status":"publish","type":"page","link":"https:\/\/departamento.us.es\/microccs\/tramites-administrativos\/","title":{"rendered":"Tr\u00e1mites Administrativos"},"content":{"rendered":"<h2>Tr\u00e1mites Administrativos Oficiales<\/h2>\n<p data-path-to-node=\"3\">Seg\u00fan la normativa vigente de la Universidad de Sevilla, los<b data-path-to-node=\"3\" data-index-in-node=\"57\"> miembros de la Comunidad Universitaria (Estudiantes, PDI y PTGAS) deben realizar de forma electr\u00f3nica todos los tr\u00e1mites administrativos, <\/b>tanto en el propio puesto de trabajo como cualquier solicitud personal (condici\u00f3n de interesado\/a) que realicen ante la Universidad.<\/p>\n<p data-path-to-node=\"3\">Se indicar\u00e1n, en su caso, aquellas solicitudes y peticiones que los interesados\/as puedan realizar por correo electr\u00f3nico y\/o presencialmente.<\/p>\n<h2>Listado de Tr\u00e1mites Administrativos<\/h2>\n<p>Cualquier <strong>Solicitud o Consulta oficial al Departamento<\/strong> deber\u00e1 realizarse mediante el Procedimiento de <a href=\"https:\/\/sede.us.es\/oficina\/tramites\/acceso.do?id=8288&amp;block=zOTROS_TRAMITES_1098&amp;blockType=AREAS_SEDE\" target=\"_blank\" rel=\"noopener\">Presentaci\u00f3n de Instancias y Solicitudes Gen\u00e9ricas<\/a>, disponible en la <strong>Sede Electr\u00f3nica de la Universidad de Sevilla.\u00a0<\/strong><\/p>\n<p>El <strong>c\u00f3digo de la Unidad Tramitadora del Departamento<\/strong> es U01700140 (para el formulario de Registro electr\u00f3nico del Estado).<\/p>\n<h3>Tr\u00e1mites para Estudiantes<\/h3>\n<ul>\n<li><a href=\"https:\/\/departamento.us.es\/microccs\/tramites-administrativos\/alumno-interno\/\">Alumno\/a Interno\/a del Departamento<\/a><\/li>\n<li><a href=\"https:\/\/departamento.us.es\/microccs\/tramites-administrativos\/justificantes-asistencia\/\">Justificante de Asistencia: Ex\u00e1menes y Pr\u00e1cticas Obligatorias<\/a><\/li>\n<li>Programas y Proyectos Docentes de Asignaturas del Departamento (<span style=\"color: #ff0000;\"><strong>\u00a1Pr\u00f3ximamente!<\/strong><\/span>)<\/li>\n<\/ul>\n<p>El alumno\/a <strong>contactar\u00e1 por correo electr\u00f3nico<\/strong> para:<\/p>\n<ul>\n<li><a href=\"https:\/\/departamento.us.es\/microccs\/tutorias\/\">Solicitud de Tutor\u00edas<\/a><\/li>\n<li><a href=\"https:\/\/departamento.us.es\/microccs\/tramites-administrativos\/revision-examen\/\">Revisi\u00f3n de Ex\u00e1menes<\/a><\/li>\n<li><a href=\"https:\/\/departamento.us.es\/microccs\/tramites-administrativos\/impugnacion-pregunta-examen\/\">Impugnaci\u00f3n de Preguntas de Ex\u00e1menes<\/a><\/li>\n<li>Consultas de informaci\u00f3n al Departamento.<\/li>\n<\/ul>\n<p>A efectos generales, la direcci\u00f3n de correo electr\u00f3nico oficial del Departamento es <strong>microccs@us.es<\/strong><\/p>\n<h5>Disponibles en la Sede Electr\u00f3nica US<\/h5>\n<ul>\n<li><a href=\"https:\/\/sede.us.es\/oficina\/tramites\/acceso.do?id=8342&amp;block=cEstudiantes_1098&amp;blockType=AREAS_SEDE\" target=\"_blank\" rel=\"noopener\">Acreditaci\u00f3n de Matr\u00edcula vigente<\/a> (Grado y M\u00e1ster Universitario)<\/li>\n<li><a href=\"https:\/\/sede.us.es\/oficina\/tramites\/acceso.do?id=8229&amp;block=cEstudiantes_1098&amp;blockType=AREAS_SEDE\" target=\"_blank\" rel=\"noopener\">Certificado Acad\u00e9mico Personal<\/a><\/li>\n<li><a href=\"https:\/\/sede.us.es\/oficina\/tramites\/acceso.do?id=8346&amp;block=cEstudiantes_1098&amp;blockType=AREAS_SEDE\" target=\"_blank\" rel=\"noopener\">Certificado Matr\u00edcula de Tutela Acad\u00e9mica de Tesis<\/a> (a partir de 2023-24)<\/li>\n<\/ul>\n<p><a href=\"https:\/\/sede.us.es\/oficina\/tramites\/acceso.do?ticket=PWUMZ5MQTPUGAEWTHCXVXSFZLLPSZDCZ2EYRJ7WC3X4N7CCXTN5FBBY63F67SI5AGA65K4WHG4OXDOWOKXHCLMVNDQWGR4OXTQZIJBY43GZ77W7YQWDQFOWQZAD7Q5EAREA6G5JOJHDEB4ZGZ766WKVCPASADTSVDUYHABYNIS7XTDJUDFIUQKPVKD3QUELZCNSOHRGNZLQ37KCMAVFC6MKMD4\" target=\"_blank\" rel=\"noopener\"><strong>Consulta todos los tr\u00e1mites para Estudiantes disponibles en la Sede Electr\u00f3nica US<\/strong><\/a><\/p>\n<h3>Tr\u00e1mites para PDI<\/h3>\n<ul>\n<li><a href=\"https:\/\/departamento.us.es\/microccs\/tramites-administrativos\/lem\/\" rel=\"noopener\">LEM: Licencias por Estudios de menos de 3 meses (LEM)<\/a><\/li>\n<li><a href=\"https:\/\/departamento.us.es\/microccs\/tramites-administrativos\/horfeus\/\">HORFEUS: Firma de Asistencia del Profesorado a Clase<\/a><\/li>\n<li><a href=\"https:\/\/departamento.us.es\/microccs\/tramites-administrativos\/programas-asignaturas-y-proyectos-docentes\/\">Programas de Asignaturas y Proyectos Docentes<\/a><\/li>\n<\/ul>\n<h5>Disponibles en la Sede Electr\u00f3nica US<\/h5>\n<ul>\n<li><a href=\"https:\/\/sevius4.us.es\/index.php?padel\" target=\"_blank\" rel=\"noopener\">PADEL: Procedimiento de Actas y Diligencias Electr\u00f3nicas<\/a> (Sevius 4)<\/li>\n<li><a href=\"https:\/\/sede.us.es\/oficina\/tramites\/acceso.do?id=8531&amp;block=aPersonal_Docente_e_Investigador_1098&amp;blockType=AREAS_SEDE\" target=\"_blank\" rel=\"noopener\">Liquidaci\u00f3n de Dietas de Investigaci\u00f3n<\/a><\/li>\n<li><a href=\"https:\/\/sede.us.es\/oficina\/tramites\/acceso.do?id=8290&amp;block=aPersonal_Docente_e_Investigador_1098&amp;blockType=AREAS_SEDE\" target=\"_blank\" rel=\"noopener\">Resultados de Encuestas de Opini\u00f3n sobre Calidad Docente<\/a><\/li>\n<li><a href=\"https:\/\/sede.us.es\/oficina\/tramites\/acceso.do?id=8282&amp;block=aPersonal_Docente_e_Investigador_1098&amp;blockType=AREAS_SEDE\" target=\"_blank\" rel=\"noopener\">Consultas del Plan de Organizaci\u00f3n Docente (POD)<\/a><\/li>\n<li><a href=\"https:\/\/sede.us.es\/oficina\/tramites\/acceso.do?id=8278&amp;block=aPersonal_Docente_e_Investigador_1098&amp;blockType=AREAS_SEDE\" target=\"_blank\" rel=\"noopener\">Consulta del estado de Presupuesto de Proyecto de Investigaci\u00f3n<\/a><\/li>\n<\/ul>\n<p><a href=\"https:\/\/sede.us.es\/oficina\/tramites\/tramitesDisponibles.do?action=loadBlock&amp;id=aPersonal_Docente_e_Investigador_1098&amp;idType=AREAS_SEDE\" target=\"_blank\" rel=\"noopener\"><strong>Consulta todos los tr\u00e1mites para PDI disponibles en la Sede Electr\u00f3nica US<\/strong><\/a><\/p>\n<h3>Tr\u00e1mites para PTGAS<\/h3>\n<h5>Disponibles en la Sede Electr\u00f3nica US<\/h5>\n<ul>\n<li><a href=\"https:\/\/sede.us.es\/oficina\/tramites\/acceso.do?id=8256&amp;block=bPAS_1098&amp;blockType=AREAS_SEDE\" target=\"_blank\" rel=\"noopener\">Ayudas al Estudio y Medidas para la Conciliaci\u00f3n<\/a><\/li>\n<li><a href=\"https:\/\/sede.us.es\/oficina\/tramites\/acceso.do?id=8252&amp;block=bPAS_1098&amp;blockType=AREAS_SEDE\" target=\"_blank\" rel=\"noopener\">Ayuda Asistencial y Situaciones de Especial Necesidad<\/a><\/li>\n<li><a href=\"https:\/\/sede.us.es\/oficina\/tramites\/acceso.do?id=8356&amp;block=bPAS_1098&amp;blockType=AREAS_SEDE\" target=\"_blank\" rel=\"noopener\">Certificado de Hoja de Servicios<\/a><\/li>\n<li><a href=\"https:\/\/sede.us.es\/oficina\/tramites\/acceso.do?id=8344&amp;block=bPAS_1098&amp;blockType=AREAS_SEDE\" target=\"_blank\" rel=\"noopener\">Certificado de Servicios Prestados<\/a><\/li>\n<li><a href=\"https:\/\/sede.us.es\/oficina\/tramites\/acceso.do?id=8392&amp;block=bPAS_1098&amp;blockType=AREAS_SEDE\" target=\"_blank\" rel=\"noopener\">Informe de Jornadas Horarios Destinos<\/a><\/li>\n<li><a href=\"https:\/\/sede.us.es\/oficina\/tramites\/acceso.do?id=8260&amp;block=bPAS_1098&amp;blockType=AREAS_SEDE\" target=\"_blank\" rel=\"noopener\">Intercambios Alojamientos Universitarios<\/a><\/li>\n<\/ul>\n<p><a href=\"https:\/\/sede.us.es\/oficina\/tramites\/acceso.do?ticket=PWUMZ5MQTPUGAEWTHCXVXSFZLLPSZDCZ2EYRJ7WC3X4N7CCXTN5GH2V7NIVSBLMVGA65K4WHG4OXDOWOKXHCLMVNDSNYS5QBD6EAQIQCXLIMQB7YOSAISAPDOUXETRSA6MTM77PLFKRHQJABZZKR2MDQA4GUJP3ZRU2BSUMOJURKRSFHMRXMT2FJH7OJ7NFMVBGAKSRPGFGB6\" target=\"_blank\" rel=\"noopener\"><strong>Consulta todos los tr\u00e1mites para PTGAS disponibles en la Sede Electr\u00f3nica US<\/strong><\/a><\/p>\n<h2>Otros Tr\u00e1mites disponibles en la Sede Electr\u00f3nica US<\/h2>\n<h5>PDI y PTGAS<\/h5>\n<ul>\n<li><a href=\"https:\/\/sede.us.es\/oficina\/tramites\/acceso.do?id=8258&amp;block=aPersonal_Docente_e_Investigador_1098&amp;blockType=AREAS_SEDE\" target=\"_blank\" rel=\"noopener\">Acci\u00f3n Social. Ayudas para tratamientos m\u00e9dicos<\/a><\/li>\n<li><a href=\"https:\/\/sede.us.es\/oficina\/tramites\/acceso.do?id=8250&amp;block=aPersonal_Docente_e_Investigador_1098&amp;blockType=AREAS_SEDE\" target=\"_blank\" rel=\"noopener\">Anticipos reintegrables para el personal del US<\/a><\/li>\n<li><a href=\"https:\/\/sede.us.es\/oficina\/tramites\/acceso.do?id=8358&amp;block=aPersonal_Docente_e_Investigador_1098&amp;blockType=AREAS_SEDE\" target=\"_blank\" rel=\"noopener\">Premio de Jubilaci\u00f3n<\/a> (PDI y PTGAS funcionario)<\/li>\n<li><a href=\"https:\/\/sede.us.es\/oficina\/tramites\/acceso.do?id=8313&amp;block=aPersonal_Docente_e_Investigador_1098&amp;blockType=AREAS_SEDE\" target=\"_blank\" rel=\"noopener\">Certificado Anual de Retenciones IRPF<\/a><\/li>\n<li><a href=\"https:\/\/sede.us.es\/oficina\/tramites\/acceso.do?id=8272&amp;block=aPersonal_Docente_e_Investigador_1098&amp;blockType=AREAS_SEDE\" target=\"_blank\" rel=\"noopener\">Consulta de datos personales de RRHH<\/a><\/li>\n<\/ul>\n<h5>Comunidad Universitaria (PDI, PTGAS, Estudiantes)<\/h5>\n<ul>\n<li><a href=\"https:\/\/sede.us.es\/oficina\/tramites\/acceso.do?id=8288&amp;block=zOTROS_TRAMITES_1098&amp;blockType=AREAS_SEDE\" target=\"_blank\" rel=\"noopener\">Presentaci\u00f3n de Instancias y Solicitudes Gen\u00e9ricas<\/a><\/li>\n<li><a href=\"https:\/\/sede.us.es\/oficina\/tramites\/acceso.do?id=8307&amp;block=zOTROS_TRAMITES_1098&amp;blockType=AREAS_SEDE\" target=\"_blank\" rel=\"noopener\">Ejercicio de Derecho de Protecci\u00f3n de Datos<\/a><\/li>\n<li><a href=\"https:\/\/sede.us.es\/oficina\/tramites\/acceso.do?id=8238&amp;block=zOTROS_TRAMITES_1098&amp;blockType=AREAS_SEDE\" target=\"_blank\" rel=\"noopener\">Interposici\u00f3n de Recursos Administrativos<\/a><\/li>\n<li><a href=\"https:\/\/sede.us.es\/oficina\/tramites\/acceso.do?id=8268&amp;block=zOTROS_TRAMITES_1098&amp;blockType=AREAS_SEDE\" target=\"_blank\" rel=\"noopener\">Consulta de Acreditaciones de Idiomas<\/a><\/li>\n<\/ul>\n<h2>Uso de la Sede Electr\u00f3nica\/Registro Electr\u00f3nico<\/h2>\n<ul>\n<li><a href=\"https:\/\/sede.us.es\/\" target=\"_blank\" rel=\"noopener\">Acceso a la Sede Electr\u00f3nica de la Universidad de Sevilla<\/a><\/li>\n<li><a href=\"https:\/\/reg.redsara.es\/\" target=\"_blank\" rel=\"noopener\">Registro Electr\u00f3nico del Estado<\/a><\/li>\n<li><strong>Unidad Tramitadora del Departamento: <\/strong>U01700140<\/li>\n<li><a href=\"https:\/\/clave.gob.es\/clave_Home\/clave.html\" target=\"_blank\" rel=\"noopener\">Cl@ve &#8211; Identidad electr\u00f3nica para las Administraciones<\/a><\/li>\n<li><strong>Aplicaci\u00f3n Autofirma<\/strong>\n<ul>\n<li><a href=\"https:\/\/firmaelectronica.gob.es\/Home\/Descargas.html\" target=\"_blank\" rel=\"noopener\">Descarga de Autofirma del Estado<\/a><\/li>\n<li><a href=\"https:\/\/desarrollo.juntadeandalucia.es\/busqueda?text=autofirma\" target=\"_blank\" rel=\"noopener\">Descarga de Autofirma de la Junta de Andaluc\u00eda<\/a><\/li>\n<\/ul>\n<\/li>\n<li><a href=\"https:\/\/departamento.us.es\/microccs\/instrucciones-sobre-el-uso-del-registro-electronico\/\">Instrucciones sobre el Uso del Registro Electr\u00f3nico<\/a><\/li>\n<li><a href=\"https:\/\/www.us.es\/laUS\/secretaria-general\/registro-general\" target=\"_blank\" rel=\"noopener\">P\u00e1gina del Registro General de la Universidad de Sevilla<\/a><\/li>\n<\/ul>\n<h5>Otras formas de Realizaci\u00f3n de los Tr\u00e1mites Administrativos Electr\u00f3nicos<\/h5>\n<ul>\n<li><strong>En aquellos casos en los que no se utilice la Sede Electr\u00f3nica de la Universidad de Sevilla, <\/strong>accediendo al <strong>Registro electr\u00f3nico del Estado<\/strong>, con cualquier medio de identificaci\u00f3n electr\u00f3nica (certificado digital, DNI-e, cl@ve&#8230;).<\/li>\n<li>Acudiendo a las <strong>Oficinas de Asistencia en Materia de Registro<\/strong> de cualquier Administraci\u00f3n P\u00fablica.<\/li>\n<li>Empleando cualquiera de las v\u00edas indicadas en el art. <strong>art. 16.4 de la Ley 39\/2015 de 1 de octubre,<\/strong> del Procedimiento Administrativo Com\u00fan de las Administraciones P\u00fablicas.<\/li>\n<\/ul>\n<h5>Normativa aplicable<\/h5>\n<ul>\n<li><a href=\"https:\/\/www.us.es\/bous-numeros\/numero-12-23-de-diciembre-de-2022\/acuerdo-71cg-20-12-22-por-el-que-se-aprueba-el\" target=\"_blank\" rel=\"noopener\">Reglamento sobre Administraci\u00f3n Electr\u00f3nica de la Universidad de Sevilla<\/a><\/li>\n<li><a href=\"https:\/\/www.us.es\/bous-numeros\/numero-13-18-de-diciembre-de-2024\/resolucion-rectoral-de-13-de-diciembre-de-2024-por\" target=\"_blank\" rel=\"noopener\">Cat\u00e1logo de Procedimientos Administrativos Electr\u00f3nicos de la Universidad de Sevilla<\/a><\/li>\n<li><a href=\"https:\/\/www.us.es\/bous-numeros\/numero-13-18-de-diciembre-de-2024\/resolucion-de-la-secretaria-general-de-16-de\" target=\"_blank\" rel=\"noopener\">Notificaciones Electr\u00f3nicas en la Universidad de Sevilla<\/a><\/li>\n<li><a href=\"https:\/\/www.boe.es\/eli\/es\/l\/2015\/10\/01\/39\/con\" target=\"_blank\" rel=\"noopener\">Ley del Procedimiento Admvo. Com\u00fan Administraciones P\u00fablicas<\/a><\/li>\n<\/ul>\n<p>&nbsp;<\/p>\n","protected":false},"excerpt":{"rendered":"<p>Tr\u00e1mites Administrativos Oficiales Seg\u00fan la normativa vigente de la Universidad de Sevilla, los miembros de la Comunidad Universitaria (Estudiantes, PDI y PTGAS) deben realizar de forma electr\u00f3nica todos los tr\u00e1mites administrativos, tanto en el propio puesto de trabajo como cualquier solicitud personal (condici\u00f3n de interesado\/a) que realicen ante la Universidad. Se indicar\u00e1n, en su caso,&#8230;<\/p>\n","protected":false},"author":1,"featured_media":0,"parent":0,"menu_order":0,"comment_status":"closed","ping_status":"closed","template":"","meta":{"_kad_post_transparent":"default","_kad_post_title":"default","_kad_post_layout":"right","_kad_post_sidebar_id":"","_kad_post_content_style":"","_kad_post_vertical_padding":"","_kad_post_feature":"","_kad_post_feature_position":"","_kad_post_header":false,"_kad_post_footer":false,"_kad_post_classname":"","footnotes":""},"class_list":["post-320","page","type-page","status-publish","hentry"],"_links":{"self":[{"href":"https:\/\/departamento.us.es\/microccs\/wp-json\/wp\/v2\/pages\/320","targetHints":{"allow":["GET"]}}],"collection":[{"href":"https:\/\/departamento.us.es\/microccs\/wp-json\/wp\/v2\/pages"}],"about":[{"href":"https:\/\/departamento.us.es\/microccs\/wp-json\/wp\/v2\/types\/page"}],"author":[{"embeddable":true,"href":"https:\/\/departamento.us.es\/microccs\/wp-json\/wp\/v2\/users\/1"}],"replies":[{"embeddable":true,"href":"https:\/\/departamento.us.es\/microccs\/wp-json\/wp\/v2\/comments?post=320"}],"version-history":[{"count":39,"href":"https:\/\/departamento.us.es\/microccs\/wp-json\/wp\/v2\/pages\/320\/revisions"}],"predecessor-version":[{"id":698,"href":"https:\/\/departamento.us.es\/microccs\/wp-json\/wp\/v2\/pages\/320\/revisions\/698"}],"wp:attachment":[{"href":"https:\/\/departamento.us.es\/microccs\/wp-json\/wp\/v2\/media?parent=320"}],"curies":[{"name":"wp","href":"https:\/\/api.w.org\/{rel}","templated":true}]}}