{"id":405,"date":"2026-01-16T11:54:35","date_gmt":"2026-01-16T10:54:35","guid":{"rendered":"https:\/\/departamento.us.es\/microccs\/?page_id=405"},"modified":"2026-02-18T13:28:38","modified_gmt":"2026-02-18T12:28:38","slug":"sofia-ballesta-mudarra","status":"publish","type":"page","link":"https:\/\/departamento.us.es\/microccs\/ptgas\/sofia-ballesta-mudarra\/","title":{"rendered":"Dra. Sof\u00eda Ballesta Mudarra"},"content":{"rendered":"\n<div class=\"wp-block-media-text is-stacked-on-mobile\" style=\"grid-template-columns:17% auto\"><figure class=\"wp-block-media-text__media\"><img loading=\"lazy\" decoding=\"async\" width=\"1024\" height=\"871\" src=\"https:\/\/departamento.us.es\/microccs\/wp-content\/uploads\/2025\/12\/Sofia-Ballesta-Mudarra-scaled-e1764592853448-1024x871.jpg\" alt=\"\" class=\"wp-image-404 size-full\" srcset=\"https:\/\/departamento.us.es\/microccs\/wp-content\/uploads\/2025\/12\/Sofia-Ballesta-Mudarra-scaled-e1764592853448-1024x871.jpg 1024w, https:\/\/departamento.us.es\/microccs\/wp-content\/uploads\/2025\/12\/Sofia-Ballesta-Mudarra-scaled-e1764592853448-300x255.jpg 300w, https:\/\/departamento.us.es\/microccs\/wp-content\/uploads\/2025\/12\/Sofia-Ballesta-Mudarra-scaled-e1764592853448-768x653.jpg 768w, https:\/\/departamento.us.es\/microccs\/wp-content\/uploads\/2025\/12\/Sofia-Ballesta-Mudarra-scaled-e1764592853448.jpg 1314w\" sizes=\"auto, (max-width: 1024px) 100vw, 1024px\" \/><\/figure><div class=\"wp-block-media-text__content\">\n<p><strong>Dra. Sof\u00eda Ballesta Mudarra<\/strong><br \/>Titulada Sup. de Apoyo a la Docencia y a la Investigaci\u00f3n (PTGAS Laboral)<br \/>Departamento de Microbiolog\u00eda \u2014 Facultad de Medicina<br \/><strong><span style=\"color: #333;\" title=\"Correo electr\u00f3nico\">Correo: <\/span><\/strong><span style=\"color: #333;\" title=\"Correo electr\u00f3nico\">mudarra@us.es<\/span>\u00a0| <strong><span style=\"color: #333;\" title=\"Despacho\">Despacho:<\/span><\/strong> Planta S\u00f3tano | <strong><span style=\"color: #333;\">Tel.:<\/span><\/strong> 954 552 863<br \/><a href=\"https:\/\/investigacion.us.es\/sisius\/sis_showpub.php?idpers=5731\" target=\"_blank\" rel=\"noopener\">Perfil SISIUS<\/a> | <a href=\"https:\/\/orcid.org\/0000-0003-3866-6804\" target=\"_blank\" rel=\"noopener\">ORCID<\/a> | <a href=\"https:\/\/idus.us.es\/browse\/author?value=Ballesta%20Mudarra,%20Sof%C3%ADa&amp;bbm.return=1\" target=\"_blank\" rel=\"noopener\">iDUS<\/a> | <a href=\"https:\/\/dialnet.unirioja.es\/servlet\/autor?codigo=2702416\" target=\"_blank\" rel=\"noopener\">Dialnet<\/a><\/p>\n<\/div><\/div>\n\n\n<p><!-- Ficha breve de profesor para p\u00e1gina est\u00e1tica del Departamento --><\/p>\n<h3>Formaci\u00f3n y Trayectoria<\/h3>\n<ul>\n<li><strong>Formaci\u00f3n: <\/strong>Doctora en Biolog\u00eda por la Universidad de Sevilla (1995). Licenciada en Biolog\u00eda (1991).<\/li>\n<li><strong>Trayectoria en la US: <\/strong>30 a\u00f1os de experiencia en el \u00c1rea de Investigaci\u00f3n y Apoyo a la Docencia. Investigadora colaboradora en el Grupo de Investigaci\u00f3n CTS210: Resistencia a Antimicrobianos.<\/li>\n<\/ul>\n<h3>Investigaci\u00f3n<\/h3>\n<ul>\n<li><strong>Grupo de Investigaci\u00f3n: <\/strong><a href=\"https:\/\/investigacion.us.es\/sisius\/sis_depgrupos.php?ct=&amp;cs=&amp;seltext=CTS-210&amp;selfield=CodPAI\">CTS210: Resistencia a Antimicrobianos<\/a><\/li>\n<li><strong>L\u00edneas de investigaci\u00f3n:<\/strong>\n<ul>\n<li>\n<div class=\"x_elementToProof\">Epidemiolog\u00eda molecular de infecciones causadas por bacterias multirresistentes. Bases moleculares de fenotipos relevantes de resistencia antimicrobiana<\/div>\n<\/li>\n<li>\n<div class=\"x_elementToProof\">Bases moleculares e impacto cl\u00ednico de los mecanismos de resistencia antimicrobiana de bajo nivel. Estrategias para la reversi\u00f3n de la multirresistencia antimicrobiana<\/div>\n<\/li>\n<li>\n<div class=\"x_elementToProof\">Tipificaci\u00f3n molecular de bacterias y elementos m\u00f3viles, caracterizaci\u00f3n de mecanismos de resistencia y determinantes de virulencia. Nuevas herramientas para el diagn\u00f3stico de enfermedades infecciosas<\/div>\n<\/li>\n<li>\n<div class=\"x_elementToProof\">Bases moleculares y tratamiento de biofilms bacterianos. Nuevos antibi\u00f3ticos y terapias no basadas en antibi\u00f3ticos para el tratamiento de infecciones causadas por bacterias multirresistentes (terapia fotodin\u00e1mica, adyuvantes, biocidas).<\/div>\n<\/li>\n<\/ul>\n<\/li>\n<\/ul>\n<h3>Directorios y Portales profesionales<\/h3>\n<ul>\n<li><a href=\"https:\/\/www.us.es\/trabaja-en-la-us\/directorio\/sofia-ballesta-mudarra\" target=\"_blank\" rel=\"noopener\">Perfil de Linkedin<\/a><\/li>\n<li><a href=\"https:\/\/www.us.es\/trabaja-en-la-us\/directorio\/sofia-ballesta-mudarra\" target=\"_blank\" rel=\"noopener\">Directorio de Personal de la Universidad de Sevilla<\/a><\/li>\n<\/ul>","protected":false},"excerpt":{"rendered":"<p>Dra. Sof\u00eda Ballesta MudarraTitulada Sup. de Apoyo a la Docencia y a la Investigaci\u00f3n (PTGAS Laboral)Departamento de Microbiolog\u00eda \u2014 Facultad de MedicinaCorreo: mudarra@us.es\u00a0| Despacho: Planta S\u00f3tano | Tel.: 954 552 863Perfil SISIUS | ORCID | iDUS | Dialnet Formaci\u00f3n y Trayectoria Formaci\u00f3n: Doctora en Biolog\u00eda por la Universidad de Sevilla (1995). Licenciada en Biolog\u00eda (1991)&#8230;.<\/p>\n","protected":false},"author":1,"featured_media":0,"parent":33,"menu_order":0,"comment_status":"closed","ping_status":"closed","template":"","meta":{"_kad_post_transparent":"","_kad_post_title":"","_kad_post_layout":"","_kad_post_sidebar_id":"","_kad_post_content_style":"","_kad_post_vertical_padding":"","_kad_post_feature":"","_kad_post_feature_position":"","_kad_post_header":false,"_kad_post_footer":false,"_kad_post_classname":"","footnotes":""},"class_list":["post-405","page","type-page","status-publish","hentry"],"_links":{"self":[{"href":"https:\/\/departamento.us.es\/microccs\/wp-json\/wp\/v2\/pages\/405","targetHints":{"allow":["GET"]}}],"collection":[{"href":"https:\/\/departamento.us.es\/microccs\/wp-json\/wp\/v2\/pages"}],"about":[{"href":"https:\/\/departamento.us.es\/microccs\/wp-json\/wp\/v2\/types\/page"}],"author":[{"embeddable":true,"href":"https:\/\/departamento.us.es\/microccs\/wp-json\/wp\/v2\/users\/1"}],"replies":[{"embeddable":true,"href":"https:\/\/departamento.us.es\/microccs\/wp-json\/wp\/v2\/comments?post=405"}],"version-history":[{"count":9,"href":"https:\/\/departamento.us.es\/microccs\/wp-json\/wp\/v2\/pages\/405\/revisions"}],"predecessor-version":[{"id":644,"href":"https:\/\/departamento.us.es\/microccs\/wp-json\/wp\/v2\/pages\/405\/revisions\/644"}],"up":[{"embeddable":true,"href":"https:\/\/departamento.us.es\/microccs\/wp-json\/wp\/v2\/pages\/33"}],"wp:attachment":[{"href":"https:\/\/departamento.us.es\/microccs\/wp-json\/wp\/v2\/media?parent=405"}],"curies":[{"name":"wp","href":"https:\/\/api.w.org\/{rel}","templated":true}]}}