{"id":548,"date":"2026-01-16T13:00:38","date_gmt":"2026-01-16T12:00:38","guid":{"rendered":"https:\/\/departamento.us.es\/microccs\/?page_id=548"},"modified":"2026-01-16T22:11:23","modified_gmt":"2026-01-16T21:11:23","slug":"lorena-lopez-cerero","status":"publish","type":"page","link":"https:\/\/departamento.us.es\/microccs\/pdi\/lorena-lopez-cerero\/","title":{"rendered":"Dra. Lorena L\u00f3pez Cerero"},"content":{"rendered":"\n<div class=\"wp-block-media-text is-stacked-on-mobile\" style=\"grid-template-columns:20% auto\"><figure class=\"wp-block-media-text__media\"><img loading=\"lazy\" decoding=\"async\" width=\"1024\" height=\"884\" src=\"https:\/\/departamento.us.es\/microccs\/wp-content\/uploads\/2025\/12\/Lorena-Lopez-Cerero-scaled-e1764592796648-1024x884.jpg\" alt=\"\" class=\"wp-image-403 size-full\" srcset=\"https:\/\/departamento.us.es\/microccs\/wp-content\/uploads\/2025\/12\/Lorena-Lopez-Cerero-scaled-e1764592796648-1024x884.jpg 1024w, https:\/\/departamento.us.es\/microccs\/wp-content\/uploads\/2025\/12\/Lorena-Lopez-Cerero-scaled-e1764592796648-300x259.jpg 300w, https:\/\/departamento.us.es\/microccs\/wp-content\/uploads\/2025\/12\/Lorena-Lopez-Cerero-scaled-e1764592796648-768x663.jpg 768w, https:\/\/departamento.us.es\/microccs\/wp-content\/uploads\/2025\/12\/Lorena-Lopez-Cerero-scaled-e1764592796648.jpg 1300w\" sizes=\"auto, (max-width: 1024px) 100vw, 1024px\" \/><\/figure><div class=\"wp-block-media-text__content\">\n<p><strong>Dra. Lorena L\u00f3pez Cerero<\/strong><br \/>Profesora Titular Vinculada (Hospital Universitario Virgen Macarena).<br \/>Departamento de Microbiolog\u00eda \u2014 Facultad de Medicina<br \/><strong><span style=\"color: #333;\" title=\"Correo electr\u00f3nico\">Correo: <\/span><\/strong>llopez@us.es\u00a0| <strong><span style=\"color: #333;\" title=\"Despacho\">Despacho:<\/span><\/strong> S\u00f3tano | <strong><span style=\"color: #333;\">Tel.:<\/span><\/strong> 954 552 863<br \/><a href=\"https:\/\/prisma.us.es\/investigador\/2246\" target=\"_blank\" rel=\"noopener\">Perfil PRISMA<\/a> | \u00a0<a href=\"https:\/\/investigacion.us.es\/sisius\/sis_showpub.php?idpers=12153\" target=\"_blank\" rel=\"noopener\">Perfil SISIUS<\/a>\u00a0 | \u00a0<a href=\"https:\/\/orcid.org\/0000-0001-8950-4384\" target=\"_blank\" rel=\"noopener\">ORCID<\/a>\u00a0 |\u00a0 <a href=\"https:\/\/idus.us.es\/author-profiles\/2246\" target=\"_blank\" rel=\"noopener\">iDUS<\/a><\/p>\n<\/div><\/div>\n\n\n<p><!-- Ficha breve de profesor para p\u00e1gina est\u00e1tica del Departamento --><\/p>\n<h3>Formaci\u00f3n y Trayectoria<\/h3>\n<ul>\n<li><strong>Formaci\u00f3n: <\/strong>Doctora en Medicina por la Universidad de Sevilla (2000). Licenciada en Medicina y Cirug\u00eda.<\/li>\n<li><strong>Cargo acad\u00e9mico actual:<\/strong> Coordinadora de la Asignatura Microbiolog\u00eda Oral (Grado en Odontolog\u00eda).<\/li>\n<li><strong>Trayectoria en la US: <\/strong>22 a\u00f1os de experiencia en Docencia e Investigaci\u00f3n.<\/li>\n<li><strong>Trayectoria fuera de la US:<\/strong> F.E.A. en Microbiolog\u00eda Cl\u00ednica del Hospital Virgen Macarena desde 1996.<\/li>\n<\/ul>\n<h3>Docencia<\/h3>\n<ul>\n<li>Grado en Medicina.<\/li>\n<li>Grado en Odontolog\u00eda.<\/li>\n<li>M\u00e1ster Universitario en Investigaci\u00f3n M\u00e9dica: C\u00ednica y Experimental.<\/li>\n<li>M\u00e1ster Universitario en Investigaci\u00f3n Biom\u00e9dica.<\/li>\n<li>M\u00e1ster Universitario en Qu\u00edmica Sanitaria.<\/li>\n<\/ul>\n<h3>Investigaci\u00f3n<\/h3>\n<ul>\n<li><strong>Grupo de Investigaci\u00f3n: <\/strong><a href=\"https:\/\/investigacion.us.es\/sisius\/sis_depgrupos.php?ct=&amp;cs=&amp;seltext=CTS-210&amp;selfield=CodPAI\">CTS210: Resistencia a Antimicrobianos<\/a><\/li>\n<li><strong>L\u00edneas de investigaci\u00f3n:<\/strong>\n<ul>\n<li>Epidemiolog\u00eda molecular de bacilos Gram negativos multirresistentes. Estudio de los clones de alto riesgo.<\/li>\n<li>Caracterizaci\u00f3n molecular de plataformas gen\u00e9ticas de transmisi\u00f3n de determinantes de resistencia antibi\u00f3tica.<\/li>\n<li>Estudio del medio ambiente hospitalario y el papel en la transmisi\u00f3n y persistencia de bacilos Gram negativos multirresistentes.<\/li>\n<li>Caracterizaci\u00f3n de nuevos determinantes de resistencia antibi\u00f3tica en bacterias.<\/li>\n<li>Estudio y validaci\u00f3n de m\u00e9todos automatizados o m\u00e9todos r\u00e1pidos para la detecci\u00f3n de la resistencia antibi\u00f3tica.<\/li>\n<\/ul>\n<\/li>\n<\/ul>","protected":false},"excerpt":{"rendered":"<p>Dra. Lorena L\u00f3pez CereroProfesora Titular Vinculada (Hospital Universitario Virgen Macarena).Departamento de Microbiolog\u00eda \u2014 Facultad de MedicinaCorreo: llopez@us.es\u00a0| Despacho: S\u00f3tano | Tel.: 954 552 863Perfil PRISMA | \u00a0Perfil SISIUS\u00a0 | \u00a0ORCID\u00a0 |\u00a0 iDUS Formaci\u00f3n y Trayectoria Formaci\u00f3n: Doctora en Medicina por la Universidad de Sevilla (2000). Licenciada en Medicina y Cirug\u00eda. Cargo acad\u00e9mico actual: Coordinadora de&#8230;<\/p>\n","protected":false},"author":1,"featured_media":0,"parent":31,"menu_order":0,"comment_status":"closed","ping_status":"closed","template":"","meta":{"_kad_post_transparent":"","_kad_post_title":"","_kad_post_layout":"","_kad_post_sidebar_id":"","_kad_post_content_style":"","_kad_post_vertical_padding":"","_kad_post_feature":"","_kad_post_feature_position":"","_kad_post_header":false,"_kad_post_footer":false,"_kad_post_classname":"","footnotes":""},"class_list":["post-548","page","type-page","status-publish","hentry"],"_links":{"self":[{"href":"https:\/\/departamento.us.es\/microccs\/wp-json\/wp\/v2\/pages\/548","targetHints":{"allow":["GET"]}}],"collection":[{"href":"https:\/\/departamento.us.es\/microccs\/wp-json\/wp\/v2\/pages"}],"about":[{"href":"https:\/\/departamento.us.es\/microccs\/wp-json\/wp\/v2\/types\/page"}],"author":[{"embeddable":true,"href":"https:\/\/departamento.us.es\/microccs\/wp-json\/wp\/v2\/users\/1"}],"replies":[{"embeddable":true,"href":"https:\/\/departamento.us.es\/microccs\/wp-json\/wp\/v2\/comments?post=548"}],"version-history":[{"count":4,"href":"https:\/\/departamento.us.es\/microccs\/wp-json\/wp\/v2\/pages\/548\/revisions"}],"predecessor-version":[{"id":555,"href":"https:\/\/departamento.us.es\/microccs\/wp-json\/wp\/v2\/pages\/548\/revisions\/555"}],"up":[{"embeddable":true,"href":"https:\/\/departamento.us.es\/microccs\/wp-json\/wp\/v2\/pages\/31"}],"wp:attachment":[{"href":"https:\/\/departamento.us.es\/microccs\/wp-json\/wp\/v2\/media?parent=548"}],"curies":[{"name":"wp","href":"https:\/\/api.w.org\/{rel}","templated":true}]}}