{"id":627,"date":"2026-02-13T11:32:19","date_gmt":"2026-02-13T10:32:19","guid":{"rendered":"https:\/\/departamento.us.es\/microccs\/?page_id=627"},"modified":"2026-02-13T11:39:49","modified_gmt":"2026-02-13T10:39:49","slug":"justificantes-asistencia","status":"publish","type":"page","link":"https:\/\/departamento.us.es\/microccs\/tramites-administrativos\/justificantes-asistencia\/","title":{"rendered":"Justificantes de Asistencia a Ex\u00e1menes y Pr\u00e1cticas Obligatorias"},"content":{"rendered":"<h3>Interesados\/as<\/h3>\n<p>Alumnos\/as que necesiten justificar oficialmente su asistencia a Ex\u00e1menes y Pr\u00e1cticas Obligatorias de asignaturas del Departamento.<\/p>\n<h3>\u00bfC\u00f3mo realizar el Tr\u00e1mite?<\/h3>\n<ul>\n<li><strong>Justificante de Asistencia a Examen<\/strong>\n<ul>\n<li>Los Profesores\/as llevar\u00e1n impresos de Justificante sellados por el Departamento que podr\u00e1n rellenar con los datos del Alumno el mismo d\u00eda del Examen.<\/li>\n<li>Los alumnos\/as pueden solicitar el Justificante escribiendo un correo a <strong>microccs@us.es<\/strong> o bien al <a href=\"https:\/\/departamento.us.es\/microccs\/tutorias\/\" target=\"_blank\" rel=\"noopener\">profesor\/a de la asignatura<\/a>, con antelaci\u00f3n suficiente, con la finalidad de que pueda elaborarse el documento.<\/li>\n<\/ul>\n<\/li>\n<li><strong>Justificante de Asistencia a Pr\u00e1cticas Obligatorias<\/strong>\n<ul>\n<li>Los alumnos\/as que hayan asistido a Pr\u00e1cticas Obligatorias del Departamento pueden pasar por la Secretar\u00eda para solicitar un Justificante de Asistencia.<\/li>\n<li>Los alumnos\/as pueden solicitar el Justificante escribiendo un correo a <strong>microccs@us.es<\/strong> o bien al <a href=\"https:\/\/departamento.us.es\/microccs\/tutorias\/\" target=\"_blank\" rel=\"noopener\">profesor\/a de pr\u00e1cticas<\/a>, con antelaci\u00f3n suficiente, con la finalidad de que pueda elaborarse el documento.<\/li>\n<\/ul>\n<\/li>\n<\/ul>\n<h4>Plazos de Solicitud<\/h4>\n<p>Sin plazos. Abierto todo el curso.<\/p>\n<h3>Solicitud<\/h3>\n<p>Solicitud presencial (al Profesor\/a o en la Secretar\u00eda del Departamento) o por correo electr\u00f3nico.<\/p>\n<h3>Contacto administrativo<\/h3>\n<p>Cualquier consulta o duda que tenga el Estudiante puede escribir un correo electr\u00f3nico a la direcci\u00f3n <strong>microccs@us.es<\/strong><br \/>\n<a href=\"https:\/\/departamento.us.es\/microccs\/tramites-administrativos\/\">Otros Tr\u00e1mites Administrativos de la Secretaria del Departamento<\/a><\/p>\n","protected":false},"excerpt":{"rendered":"<p>Interesados\/as Alumnos\/as que necesiten justificar oficialmente su asistencia a Ex\u00e1menes y Pr\u00e1cticas Obligatorias de asignaturas del Departamento. \u00bfC\u00f3mo realizar el Tr\u00e1mite? Justificante de Asistencia a Examen Los Profesores\/as llevar\u00e1n impresos de Justificante sellados por el Departamento que podr\u00e1n rellenar con los datos del Alumno el mismo d\u00eda del Examen. Los alumnos\/as pueden solicitar el Justificante&#8230;<\/p>\n","protected":false},"author":1,"featured_media":0,"parent":320,"menu_order":0,"comment_status":"closed","ping_status":"closed","template":"","meta":{"_kad_post_transparent":"","_kad_post_title":"","_kad_post_layout":"","_kad_post_sidebar_id":"","_kad_post_content_style":"","_kad_post_vertical_padding":"","_kad_post_feature":"","_kad_post_feature_position":"","_kad_post_header":false,"_kad_post_footer":false,"_kad_post_classname":"","footnotes":""},"class_list":["post-627","page","type-page","status-publish","hentry"],"_links":{"self":[{"href":"https:\/\/departamento.us.es\/microccs\/wp-json\/wp\/v2\/pages\/627","targetHints":{"allow":["GET"]}}],"collection":[{"href":"https:\/\/departamento.us.es\/microccs\/wp-json\/wp\/v2\/pages"}],"about":[{"href":"https:\/\/departamento.us.es\/microccs\/wp-json\/wp\/v2\/types\/page"}],"author":[{"embeddable":true,"href":"https:\/\/departamento.us.es\/microccs\/wp-json\/wp\/v2\/users\/1"}],"replies":[{"embeddable":true,"href":"https:\/\/departamento.us.es\/microccs\/wp-json\/wp\/v2\/comments?post=627"}],"version-history":[{"count":3,"href":"https:\/\/departamento.us.es\/microccs\/wp-json\/wp\/v2\/pages\/627\/revisions"}],"predecessor-version":[{"id":635,"href":"https:\/\/departamento.us.es\/microccs\/wp-json\/wp\/v2\/pages\/627\/revisions\/635"}],"up":[{"embeddable":true,"href":"https:\/\/departamento.us.es\/microccs\/wp-json\/wp\/v2\/pages\/320"}],"wp:attachment":[{"href":"https:\/\/departamento.us.es\/microccs\/wp-json\/wp\/v2\/media?parent=627"}],"curies":[{"name":"wp","href":"https:\/\/api.w.org\/{rel}","templated":true}]}}