{"id":298,"date":"2025-03-20T12:23:33","date_gmt":"2025-03-20T11:23:33","guid":{"rendered":"https:\/\/departamento.us.es\/petra\/?page_id=298"},"modified":"2025-03-27T12:12:05","modified_gmt":"2025-03-27T11:12:05","slug":"masters-en-educacion","status":"publish","type":"page","link":"https:\/\/departamento.us.es\/petra\/docencia\/master-universitario\/masters-en-educacion\/","title":{"rendered":"M\u00e1sters en Educaci\u00f3n"},"content":{"rendered":"\n<h4 class=\"wp-block-heading\">Aqu\u00ed se presentan las asignaturas que nuestro departamento imparte en distintos t\u00edtulos de posgrado desarrollados en la Facultad de Ciencias de la Educaci\u00f3n de la Universidad de Sevilla.<\/h4>\n\n\n\n<p>Puedes obtener toda la informaci\u00f3n sobre los contenidos pulsando <strong><em>+info<\/em><\/strong>. <\/p>\n\n\n\n<p><\/p>\n\n\n\n<h3 class=\"wp-block-heading\">MU Psicopedagog\u00eda<\/h3>\n\n\n\n<figure class=\"wp-block-table is-style-stripes\"><table><tbody><tr><td><strong>Asignatura<\/strong><\/td><td><strong>ECTS<\/strong><\/td><td><strong>Curso<\/strong><\/td><td><strong>&nbsp;<\/strong><\/td><\/tr><tr><td>Pr\u00e1cticum<\/td><td>6<\/td><td>1<\/td><td><a href=\"https:\/\/www.us.es\/estudiar\/que-estudiar\/oferta-de-masteres\/master-universitario-en-psicopedagogia\/51380001\"><strong>+info<\/strong><\/a><\/td><\/tr><tr><td>Trabajo Fin de M\u00e1ster<\/td><td>10<\/td><td>1<\/td><td><a href=\"https:\/\/www.us.es\/estudiar\/que-estudiar\/oferta-de-masteres\/master-universitario-en-psicopedagogia\/51380002\"><strong>+info<\/strong><\/a><\/td><\/tr><tr><td>Evaluaci\u00f3n y Tratamiento de Poblaciones en Riesgo de Exclusi\u00f3n Social (PSC)<\/td><td>4<\/td><td>1<\/td><td><a href=\"https:\/\/www.us.es\/estudiar\/que-estudiar\/oferta-de-masteres\/master-universitario-en-psicopedagogia\/51380019\"><strong>+info<\/strong><\/a><\/td><\/tr><tr><td>Intervenci\u00f3n Psicopedag\u00f3gica en los Trastornos del Desarrollo y del Comportamiento (OE)<\/td><td>4<\/td><td>1<\/td><td><a href=\"https:\/\/www.us.es\/estudiar\/que-estudiar\/oferta-de-masteres\/master-universitario-en-psicopedagogia\/51380022\"><strong>+info<\/strong><\/a><\/td><\/tr><tr><td>Psicolog\u00eda de la Personalidad (OE)<\/td><td>4<\/td><td>1<\/td><td><a href=\"https:\/\/www.us.es\/estudiar\/que-estudiar\/oferta-de-masteres\/master-universitario-en-psicopedagogia\/51380034\"><strong>+info<\/strong><\/a><\/td><\/tr><\/tbody><\/table><\/figure>\n\n\n\n<p><\/p>\n\n\n\n<h3 class=\"wp-block-heading\">MU Necesidades Educativas Especiales y Atenci\u00f3n a la Diversidad en la Escuela<\/h3>\n\n\n\n<figure class=\"wp-block-table is-style-stripes\"><table><tbody><tr><td><strong>Asignatura<\/strong><\/td><td><strong>ECTS<\/strong><\/td><td><strong>Curso<\/strong><\/td><td><strong>&nbsp;<\/strong><\/td><\/tr><tr><td>Competencia Profesional del Especialista en N.E.E. y en Atenci\u00f3n a la Diversidad<\/td><td>4<\/td><td>1<\/td><td><strong><a href=\"https:\/\/www.us.es\/estudiar\/que-estudiar\/oferta-de-masteres\/master-universitario-en-necesidades-educativas-0\/52020004\">+info<\/a><\/strong><\/td><\/tr><tr><td>Discapacidad Intelectual<\/td><td>4<\/td><td>1<\/td><td><a href=\"https:\/\/www.us.es\/estudiar\/que-estudiar\/oferta-de-masteres\/master-universitario-en-necesidades-educativas-0\/52020007\"><strong>+info<\/strong><\/a><\/td><\/tr><tr><td>Evaluaci\u00f3n Psicopedag\u00f3gica: T\u00e9cnicas e Instrumentos<\/td><td>4<\/td><td>1<\/td><td><a href=\"https:\/\/www.us.es\/estudiar\/que-estudiar\/oferta-de-masteres\/master-universitario-en-necesidades-educativas-0\/52020010\"><strong>+info<\/strong><\/a><\/td><\/tr><tr><td>Pr\u00e1cticum<\/td><td>6<\/td><td>1<\/td><td><a href=\"https:\/\/www.us.es\/estudiar\/que-estudiar\/oferta-de-masteres\/master-universitario-en-necesidades-educativas-0\/52020015\"><strong>+info<\/strong><\/a><\/td><\/tr><tr><td>Trabajo de Fin de M\u00e1ster<\/td><td>10<\/td><td>1<\/td><td><strong><a href=\"https:\/\/www.us.es\/estudiar\/que-estudiar\/oferta-de-masteres\/master-universitario-en-necesidades-educativas-0\/52020018\">+info<\/a><\/strong><\/td><\/tr><tr><td>Trastornos de la Conducta en el Contexto Escolar<\/td><td>4<\/td><td>1<\/td><td><a href=\"https:\/\/www.us.es\/estudiar\/que-estudiar\/oferta-de-masteres\/master-universitario-en-necesidades-educativas-0\/52020020\"><strong>+info<\/strong><\/a><\/td><\/tr><\/tbody><\/table><\/figure>\n\n\n\n<p><\/p>\n\n\n\n<h3 class=\"wp-block-heading\">MU Actividad F\u00edsica y Calidad de Vida en Personas Adultas y Mayores<\/h3>\n\n\n\n<figure class=\"wp-block-table is-style-stripes\"><table><tbody><tr><td><strong>Asignatura<\/strong><\/td><td><strong>ECTS<\/strong><\/td><td><strong>Curso<\/strong><\/td><td><strong>&nbsp;<\/strong><\/td><\/tr><tr><td>Trabajo de Investigaci\u00f3n\/final de M\u00e1ster<\/td><td>12<\/td><td>1<\/td><td><a href=\"https:\/\/www.us.es\/estudiar\/que-estudiar\/oferta-de-masteres\/master-universitario-en-actividad-fisica-y-calidad-de-vida\/50490001\"><strong>+info<\/strong><\/a><\/td><\/tr><tr><td>Manejo Psicol\u00f3gico del Dolor Cr\u00f3nico<\/td><td>2<\/td><td>1<\/td><td><strong><a href=\"https:\/\/www.us.es\/estudiar\/que-estudiar\/oferta-de-masteres\/master-universitario-en-actividad-fisica-y-calidad-de-vida\/50490016\">+info<\/a><\/strong><\/td><\/tr><tr><td>Cuidado del Cuidador de las Personas Adultas y Mayores y Manejo Psicol\u00f3gico de la Enfermedad Cr\u00f3nica<\/td><td>3<\/td><td>1<\/td><td><strong><a href=\"https:\/\/www.us.es\/estudiar\/que-estudiar\/oferta-de-masteres\/master-universitario-en-actividad-fisica-y-calidad-de-vida\/50490021\">+info<\/a><\/strong><\/td><\/tr><tr><td>Trabajo de Investigaci\u00f3n\/final de M\u00e1ster<\/td><td>12<\/td><td>1<\/td><td><a href=\"https:\/\/www.us.es\/estudiar\/que-estudiar\/oferta-de-masteres\/master-universitario-en-actividad-fisica-y-calidad-de-vida\/50490001\"><strong>+info<\/strong><\/a><\/td><\/tr><\/tbody><\/table><\/figure>\n\n\n\n<h3 class=\"wp-block-heading\">MU Profesorado de ESO y Bachillerato, Formaci\u00f3n Profesional y Ense\u00f1anza de Idiomas<\/h3>\n\n\n\n<figure class=\"wp-block-table is-style-stripes\"><table><tbody><tr><td><strong>Asignatura<\/strong><\/td><td><strong>ECTS<\/strong><\/td><td><strong>Curso<\/strong><\/td><td><strong>&nbsp;<\/strong><\/td><\/tr><tr><td>Manejo del estr\u00e9s y la ansiedad en el docente<\/td><td>4<\/td><td>1<\/td><td><a href=\"https:\/\/www.us.es\/estudiar\/que-estudiar\/oferta-de-masteres\/master-universitario-en-profesorado-de-educacion\/50440074\"><strong>+info<\/strong><\/a><\/td><\/tr><\/tbody><\/table><\/figure>\n\n\n\n<p><\/p>\n","protected":false},"excerpt":{"rendered":"<p>Aqu\u00ed se presentan las asignaturas que nuestro departamento imparte en distintos t\u00edtulos de posgrado desarrollados en la Facultad de Ciencias de la Educaci\u00f3n de la Universidad de Sevilla. Puedes obtener toda la informaci\u00f3n sobre los contenidos pulsando +info. MU Psicopedagog\u00eda Asignatura ECTS Curso &nbsp; Pr\u00e1cticum 6 1 +info Trabajo Fin de M\u00e1ster 10 1 +info&hellip;&nbsp;<a href=\"https:\/\/departamento.us.es\/petra\/docencia\/master-universitario\/masters-en-educacion\/\" rel=\"bookmark\">Leer m\u00e1s &raquo;<span class=\"screen-reader-text\">M\u00e1sters en Educaci\u00f3n<\/span><\/a><\/p>\n","protected":false},"author":1,"featured_media":0,"parent":294,"menu_order":2,"comment_status":"closed","ping_status":"closed","template":"","meta":{"neve_meta_sidebar":"","neve_meta_container":"","neve_meta_enable_content_width":"","neve_meta_content_width":0,"neve_meta_title_alignment":"","neve_meta_author_avatar":"","neve_post_elements_order":"","neve_meta_disable_header":"","neve_meta_disable_footer":"","neve_meta_disable_title":"","iawp_total_views":12,"footnotes":""},"class_list":["post-298","page","type-page","status-publish","hentry"],"_links":{"self":[{"href":"https:\/\/departamento.us.es\/petra\/wp-json\/wp\/v2\/pages\/298","targetHints":{"allow":["GET"]}}],"collection":[{"href":"https:\/\/departamento.us.es\/petra\/wp-json\/wp\/v2\/pages"}],"about":[{"href":"https:\/\/departamento.us.es\/petra\/wp-json\/wp\/v2\/types\/page"}],"author":[{"embeddable":true,"href":"https:\/\/departamento.us.es\/petra\/wp-json\/wp\/v2\/users\/1"}],"replies":[{"embeddable":true,"href":"https:\/\/departamento.us.es\/petra\/wp-json\/wp\/v2\/comments?post=298"}],"version-history":[{"count":3,"href":"https:\/\/departamento.us.es\/petra\/wp-json\/wp\/v2\/pages\/298\/revisions"}],"predecessor-version":[{"id":481,"href":"https:\/\/departamento.us.es\/petra\/wp-json\/wp\/v2\/pages\/298\/revisions\/481"}],"up":[{"embeddable":true,"href":"https:\/\/departamento.us.es\/petra\/wp-json\/wp\/v2\/pages\/294"}],"wp:attachment":[{"href":"https:\/\/departamento.us.es\/petra\/wp-json\/wp\/v2\/media?parent=298"}],"curies":[{"name":"wp","href":"https:\/\/api.w.org\/{rel}","templated":true}]}}