{"id":365,"date":"2025-03-25T20:50:11","date_gmt":"2025-03-25T19:50:11","guid":{"rendered":"https:\/\/departamento.us.es\/petra\/?page_id=365"},"modified":"2025-03-27T12:16:06","modified_gmt":"2025-03-27T11:16:06","slug":"normativa-importante","status":"publish","type":"page","link":"https:\/\/departamento.us.es\/petra\/alumnado\/normativa-importante\/","title":{"rendered":"Normativa para estudiantes"},"content":{"rendered":"\n<h4 class=\"wp-block-heading\">Aqu\u00ed reunimos informaci\u00f3n sobre aspectos normativos que pueden ser de inter\u00e9s para el alumnado de nuestras asignaturas y t\u00edtulos. <\/h4>\n\n\n\n<p>No pretende ser exhaustivo pero, si consideras que falta algo, no dudes en <a href=\"https:\/\/departamento.us.es\/petra\/pagina-ejemplo\/contacto\/\" data-type=\"page\" data-id=\"13\" target=\"_blank\" rel=\"noreferrer noopener\">contactar <\/a>para que podamos incorporarlo a la p\u00e1gina.<\/p>\n\n\n\n<p><\/p>\n\n\n\n<h3 class=\"wp-block-heading\">1. Normativa de evaluaci\u00f3n y calificaci\u00f3n<\/h3>\n\n\n<div class=\"wp-block-image\">\n<figure class=\"alignright size-full is-resized\"><a href=\"https:\/\/www.us.es\/sites\/default\/files\/2019-05\/norma_evaluac_calif_asig.pdf\" target=\"_blank\" rel=\" noreferrer noopener\"><img loading=\"lazy\" decoding=\"async\" width=\"512\" height=\"512\" src=\"https:\/\/departamento.us.es\/petra\/wp-content\/uploads\/2025\/03\/pdf-icono.png\" alt=\"Enlace a la normativa de evaluaci\u00f3n y calificaci\u00f3n de la US\" class=\"wp-image-258\" style=\"width:auto;height:70px\" srcset=\"https:\/\/departamento.us.es\/petra\/wp-content\/uploads\/2025\/03\/pdf-icono.png 512w, https:\/\/departamento.us.es\/petra\/wp-content\/uploads\/2025\/03\/pdf-icono-300x300.png 300w, https:\/\/departamento.us.es\/petra\/wp-content\/uploads\/2025\/03\/pdf-icono-150x150.png 150w\" sizes=\"auto, (max-width: 512px) 100vw, 512px\" \/><\/a><\/figure>\n<\/div>\n\n\n<p>Aqu\u00ed puedes encontrar el marco normativo de la US en lo referente a la evaluaci\u00f3n y calificaci\u00f3n. Puede ser relevante para conocer tus derechos y obligaciones, as\u00ed como para fundamentar cualquier solicitud o reclamaci\u00f3n al departamento. <\/p>\n\n\n\n<p>Puedes consultarla pulsando en el icono de la derecha.<\/p>\n\n\n\n<h3 class=\"wp-block-heading\">2. Reglamento general de estudiantes<\/h3>\n\n\n<div class=\"wp-block-image\">\n<figure class=\"alignright size-full is-resized\"><a href=\"https:\/\/www.us.es\/sites\/default\/files\/2019-05\/RGAD_consolidado.pdf\" target=\"_blank\" rel=\" noreferrer noopener\"><img loading=\"lazy\" decoding=\"async\" width=\"512\" height=\"512\" src=\"https:\/\/departamento.us.es\/petra\/wp-content\/uploads\/2025\/03\/pdf-icono.png\" alt=\"Enlace al reglamento general de estudiantes en la web de la US\" class=\"wp-image-258\" style=\"width:auto;height:70px\" srcset=\"https:\/\/departamento.us.es\/petra\/wp-content\/uploads\/2025\/03\/pdf-icono.png 512w, https:\/\/departamento.us.es\/petra\/wp-content\/uploads\/2025\/03\/pdf-icono-300x300.png 300w, https:\/\/departamento.us.es\/petra\/wp-content\/uploads\/2025\/03\/pdf-icono-150x150.png 150w\" sizes=\"auto, (max-width: 512px) 100vw, 512px\" \/><\/a><\/figure>\n<\/div>\n\n\n<p>Este documento re\u00fane las principales normas referidas a la participaci\u00f3n y representaci\u00f3n de los estudiantes; asesoramiento acad\u00e9mico e inserci\u00f3n laboral; y a las necesidades acad\u00e9micas particulares. <\/p>\n\n\n\n<p>Puedes consultarlo pulsando en el icono de la derecha.<\/p>\n\n\n\n<p><\/p>\n\n\n\n<h3 class=\"wp-block-heading\">3. Otras normativas<\/h3>\n\n\n<div class=\"wp-block-image\">\n<figure class=\"alignright size-full is-resized\"><a href=\"https:\/\/www.us.es\/laUS\/secretaria-general\/normativas\" target=\"_blank\" rel=\" noreferrer noopener\"><img loading=\"lazy\" decoding=\"async\" width=\"480\" height=\"339\" src=\"https:\/\/departamento.us.es\/petra\/wp-content\/uploads\/2025\/03\/US-imagen-corporativa-marca.png\" alt=\"Web que re\u00fane diversas normativas de la US\" class=\"wp-image-272\" style=\"width:auto;height:70px\" srcset=\"https:\/\/departamento.us.es\/petra\/wp-content\/uploads\/2025\/03\/US-imagen-corporativa-marca.png 480w, https:\/\/departamento.us.es\/petra\/wp-content\/uploads\/2025\/03\/US-imagen-corporativa-marca-300x212.png 300w\" sizes=\"auto, (max-width: 480px) 100vw, 480px\" \/><\/a><\/figure>\n<\/div>\n\n\n<p>Puedes consultar todas las normativas que rigen la vida universitaria en la US en la web enlazada (pulsa sobre el icono de la derecha).<\/p>\n","protected":false},"excerpt":{"rendered":"<p>Aqu\u00ed reunimos informaci\u00f3n sobre aspectos normativos que pueden ser de inter\u00e9s para el alumnado de nuestras asignaturas y t\u00edtulos. No pretende ser exhaustivo pero, si consideras que falta algo, no dudes en contactar para que podamos incorporarlo a la p\u00e1gina. 1. Normativa de evaluaci\u00f3n y calificaci\u00f3n Aqu\u00ed puedes encontrar el marco normativo de la US&hellip;&nbsp;<a href=\"https:\/\/departamento.us.es\/petra\/alumnado\/normativa-importante\/\" rel=\"bookmark\">Leer m\u00e1s &raquo;<span class=\"screen-reader-text\">Normativa para estudiantes<\/span><\/a><\/p>\n","protected":false},"author":1,"featured_media":0,"parent":361,"menu_order":0,"comment_status":"closed","ping_status":"closed","template":"","meta":{"neve_meta_sidebar":"","neve_meta_container":"","neve_meta_enable_content_width":"","neve_meta_content_width":0,"neve_meta_title_alignment":"","neve_meta_author_avatar":"","neve_post_elements_order":"","neve_meta_disable_header":"","neve_meta_disable_footer":"","neve_meta_disable_title":"","iawp_total_views":33,"footnotes":""},"class_list":["post-365","page","type-page","status-publish","hentry"],"_links":{"self":[{"href":"https:\/\/departamento.us.es\/petra\/wp-json\/wp\/v2\/pages\/365","targetHints":{"allow":["GET"]}}],"collection":[{"href":"https:\/\/departamento.us.es\/petra\/wp-json\/wp\/v2\/pages"}],"about":[{"href":"https:\/\/departamento.us.es\/petra\/wp-json\/wp\/v2\/types\/page"}],"author":[{"embeddable":true,"href":"https:\/\/departamento.us.es\/petra\/wp-json\/wp\/v2\/users\/1"}],"replies":[{"embeddable":true,"href":"https:\/\/departamento.us.es\/petra\/wp-json\/wp\/v2\/comments?post=365"}],"version-history":[{"count":9,"href":"https:\/\/departamento.us.es\/petra\/wp-json\/wp\/v2\/pages\/365\/revisions"}],"predecessor-version":[{"id":488,"href":"https:\/\/departamento.us.es\/petra\/wp-json\/wp\/v2\/pages\/365\/revisions\/488"}],"up":[{"embeddable":true,"href":"https:\/\/departamento.us.es\/petra\/wp-json\/wp\/v2\/pages\/361"}],"wp:attachment":[{"href":"https:\/\/departamento.us.es\/petra\/wp-json\/wp\/v2\/media?parent=365"}],"curies":[{"name":"wp","href":"https:\/\/api.w.org\/{rel}","templated":true}]}}