{"id":742,"date":"2026-02-23T12:28:59","date_gmt":"2026-02-23T11:28:59","guid":{"rendered":"https:\/\/departamento.us.es\/petra\/?page_id=742"},"modified":"2026-02-23T12:29:00","modified_gmt":"2026-02-23T11:29:00","slug":"estudios-petra","status":"publish","type":"page","link":"https:\/\/departamento.us.es\/petra\/conocenos\/estudios-petra\/","title":{"rendered":"Estudios PETRA"},"content":{"rendered":"\n<p>En esta p\u00e1gina encontrar\u00e1s estudios activos en nuestro departamento. Puedes consultar los requisitos para participar.<\/p>\n\n\n\n<p class=\"has-nv-site-bg-color has-neve-link-hover-color-background-color has-text-color has-background has-link-color wp-elements-3e992a1d7b95cd0ef186cb124bad3f2b\"><strong>[Lista en construcci\u00f3n]<\/strong><\/p>\n\n\n\n<p>Si eres investigador\/a del departamento, puedes seguir el siguiente enlace para acceder a la aplicaci\u00f3n. Este sitio necesita de credenciales administradas por la Comisi\u00f3n de Desarrollo Digital, por lo que necesitas contactar con los responsables antes de poder utilizarla.<\/p>\n\n\n<div class=\"wp-block-image\">\n<figure class=\"aligncenter size-full\"><a href=\"http:\/\/estudiospetra.us.es\" target=\"_blank\" rel=\" noreferrer noopener\"><img loading=\"lazy\" decoding=\"async\" width=\"266\" height=\"157\" src=\"https:\/\/departamento.us.es\/petra\/wp-content\/uploads\/2026\/02\/Estudios-petra.jpg\" alt=\"\" class=\"wp-image-744\"\/><\/a><\/figure>\n<\/div>\n\n\n<p><\/p>\n","protected":false},"excerpt":{"rendered":"<p>En esta p\u00e1gina encontrar\u00e1s estudios activos en nuestro departamento. Puedes consultar los requisitos para participar. [Lista en construcci\u00f3n] Si eres investigador\/a del departamento, puedes seguir el siguiente enlace para acceder a la aplicaci\u00f3n. Este sitio necesita de credenciales administradas por la Comisi\u00f3n de Desarrollo Digital, por lo que necesitas contactar con los responsables antes de&hellip;&nbsp;<a href=\"https:\/\/departamento.us.es\/petra\/conocenos\/estudios-petra\/\" rel=\"bookmark\">Leer m\u00e1s &raquo;<span class=\"screen-reader-text\">Estudios PETRA<\/span><\/a><\/p>\n","protected":false},"author":1,"featured_media":0,"parent":19,"menu_order":0,"comment_status":"closed","ping_status":"closed","template":"","meta":{"neve_meta_sidebar":"","neve_meta_container":"","neve_meta_enable_content_width":"","neve_meta_content_width":0,"neve_meta_title_alignment":"","neve_meta_author_avatar":"","neve_post_elements_order":"","neve_meta_disable_header":"","neve_meta_disable_footer":"","neve_meta_disable_title":"","iawp_total_views":2,"footnotes":""},"class_list":["post-742","page","type-page","status-publish","hentry"],"_links":{"self":[{"href":"https:\/\/departamento.us.es\/petra\/wp-json\/wp\/v2\/pages\/742","targetHints":{"allow":["GET"]}}],"collection":[{"href":"https:\/\/departamento.us.es\/petra\/wp-json\/wp\/v2\/pages"}],"about":[{"href":"https:\/\/departamento.us.es\/petra\/wp-json\/wp\/v2\/types\/page"}],"author":[{"embeddable":true,"href":"https:\/\/departamento.us.es\/petra\/wp-json\/wp\/v2\/users\/1"}],"replies":[{"embeddable":true,"href":"https:\/\/departamento.us.es\/petra\/wp-json\/wp\/v2\/comments?post=742"}],"version-history":[{"count":1,"href":"https:\/\/departamento.us.es\/petra\/wp-json\/wp\/v2\/pages\/742\/revisions"}],"predecessor-version":[{"id":745,"href":"https:\/\/departamento.us.es\/petra\/wp-json\/wp\/v2\/pages\/742\/revisions\/745"}],"up":[{"embeddable":true,"href":"https:\/\/departamento.us.es\/petra\/wp-json\/wp\/v2\/pages\/19"}],"wp:attachment":[{"href":"https:\/\/departamento.us.es\/petra\/wp-json\/wp\/v2\/media?parent=742"}],"curies":[{"name":"wp","href":"https:\/\/api.w.org\/{rel}","templated":true}]}}