{"id":2659,"date":"2023-10-03T10:31:19","date_gmt":"2023-10-03T10:31:19","guid":{"rendered":"https:\/\/departamento.us.es\/psocial\/?page_id=2659"},"modified":"2025-09-08T10:37:02","modified_gmt":"2025-09-08T10:37:02","slug":"impartimos-docencia","status":"publish","type":"page","link":"https:\/\/departamento.us.es\/psocial\/impartimos-docencia\/","title":{"rendered":"Impartimos Docencia"},"content":{"rendered":"\t\t<div data-elementor-type=\"wp-page\" data-elementor-id=\"2659\" class=\"elementor elementor-2659\" data-elementor-post-type=\"page\">\n\t\t\t\t<div class=\"elementor-element elementor-element-b180564 e-flex e-con-boxed e-con e-parent\" data-id=\"b180564\" data-element_type=\"container\" data-e-type=\"container\">\n\t\t\t\t\t<div class=\"e-con-inner\">\n\t\t\t\t<div class=\"elementor-element elementor-element-1049dc3 elementor-widget elementor-widget-image\" data-id=\"1049dc3\" data-element_type=\"widget\" data-e-type=\"widget\" data-widget_type=\"image.default\">\n\t\t\t\t<div class=\"elementor-widget-container\">\n\t\t\t\t\t\t\t\t\t\t\t\t\t\t\t<img fetchpriority=\"high\" decoding=\"async\" width=\"1140\" height=\"400\" src=\"https:\/\/departamento.us.es\/psocial\/wp-content\/uploads\/2024\/07\/imparte-docencia2.jpg\" class=\"attachment-full size-full wp-image-3777\" alt=\"\" srcset=\"https:\/\/departamento.us.es\/psocial\/wp-content\/uploads\/2024\/07\/imparte-docencia2.jpg 1140w, https:\/\/departamento.us.es\/psocial\/wp-content\/uploads\/2024\/07\/imparte-docencia2-300x105.jpg 300w, https:\/\/departamento.us.es\/psocial\/wp-content\/uploads\/2024\/07\/imparte-docencia2-1024x359.jpg 1024w, https:\/\/departamento.us.es\/psocial\/wp-content\/uploads\/2024\/07\/imparte-docencia2-768x269.jpg 768w\" sizes=\"(max-width: 1140px) 100vw, 1140px\" \/>\t\t\t\t\t\t\t\t\t\t\t\t\t\t\t<\/div>\n\t\t\t\t<\/div>\n\t\t\t\t<div class=\"elementor-element elementor-element-a860d65 elementor-widget elementor-widget-text-editor\" data-id=\"a860d65\" data-element_type=\"widget\" data-e-type=\"widget\" data-widget_type=\"text-editor.default\">\n\t\t\t\t<div class=\"elementor-widget-container\">\n\t\t\t\t\t\t\t\t\t<p>Nuestro personal est\u00e1 a la vanguardia sobre metodolog\u00edas docentes gracias a su participaci\u00f3n en cursos y congresos de innovaci\u00f3n. Ello le permite actualizar conocimientos relacionados con la docencia, mejorar la calidad educativa, aumentar la motivaci\u00f3n del estudiante, desarrollar habilidades tecnol\u00f3gicas; adaptarse a diversos estilos de aprendizaje, utilizar y fomentar el pensamiento cr\u00edtico y creativo, fomentar entornos de aprendizaje colaborativo, mejorar los procedimientos de evaluaci\u00f3n, en definitiva, mantener un desarrollo profesional continuo para conseguir un impacto positivo en la comunidad universitaria.<\/p><p>La riqueza y complejidad del Departamento de Psicolog\u00eda Social de la Universidad de Sevilla radica en la variedad de su docencia distribuida en 12 Facultades y\/o Escuelas:<\/p><table style=\"width: 100%;\" width=\"387\"><tbody><tr><th style=\"background-color: #ffffff; width: 100%; text-align: left;\" width=\"387\"><span style=\"color: #800080;\">Centros en los que se imparte la docencia<\/span><\/th><\/tr><tr><td style=\"width: 100%;\" width=\"387\"><a href=\"https:\/\/eip.us.es\/\" target=\"_blank\" rel=\"noopener\">ESCUELA INTERNACIONAL DE POSGRADO (EIP)<\/a><\/td><\/tr><tr><td style=\"width: 100%;\" width=\"387\"><a href=\"https:\/\/eps.us.es\/\" target=\"_blank\" rel=\"noopener\">ESCUELA POLIT\u00c9CNICA SUPERIOR<\/a><\/td><\/tr><tr><td style=\"width: 100%;\" width=\"387\"><a href=\"https:\/\/etsie.us.es\/\" target=\"_blank\" rel=\"noopener\">ESCUELA T\u00c9CNICA SUPERIOR DE INGENIER\u00cdA DE EDIFICACI\u00d3N<\/a><\/td><\/tr><tr><td style=\"width: 100%;\" width=\"387\"><a href=\"https:\/\/educacion.us.es\/\" target=\"_blank\" rel=\"noopener\">FACULTAD DE CIENCIAS DE LA EDUCACI\u00d3N<\/a><\/td><\/tr><tr><td style=\"width: 100%;\" width=\"387\"><a href=\"https:\/\/fct.us.es\/\" target=\"_blank\" rel=\"noopener\">FACULTAD DE CIENCIAS DEL TRABAJO<\/a><\/td><\/tr><tr><td style=\"width: 100%;\" width=\"387\"><a href=\"https:\/\/fceye.us.es\/\" target=\"_blank\" rel=\"noopener\">FACULTAD DE CIENCIAS ECON\u00d3MICAS Y EMPRESARIALES<\/a><\/td><\/tr><tr><td style=\"width: 100%;\" width=\"387\"><a href=\"https:\/\/fcom.us.es\/\" target=\"_blank\" rel=\"noopener\">FACULTAD DE COMUNICACI\u00d3N<\/a><\/td><\/tr><tr><td style=\"width: 100%;\" width=\"387\"><a href=\"https:\/\/filologia.us.es\/#gsc.tab=0\" target=\"_blank\" rel=\"noopener\">FACULTAD DE FILOLOG\u00cdA<\/a><\/td><\/tr><tr><td style=\"width: 100%;\" width=\"387\"><a href=\"https:\/\/filosofia.us.es\/\" target=\"_blank\" rel=\"noopener\">FACULTAD DE FILOSOF\u00cdA<\/a><\/td><\/tr><tr><td style=\"width: 100%;\" width=\"387\"><a href=\"https:\/\/geografiaehistoria.us.es\/\" target=\"_blank\" rel=\"noopener\">FACULTAD DE GEOGRAF\u00cdA E HISTORIA<\/a><\/td><\/tr><tr><td style=\"width: 100%;\" width=\"387\"><a href=\"https:\/\/psicologia.us.es\/\" target=\"_blank\" rel=\"noopener\">FACULTAD DE PSICOLOG\u00cdA<\/a><\/td><\/tr><tr><td style=\"width: 100%;\" width=\"387\"><a href=\"https:\/\/ftf.us.es\/\" target=\"_blank\" rel=\"noopener\">FACULTAD DE TURISMO Y FINANZAS<\/a><\/td><\/tr><\/tbody><\/table><p>En las 185 asignaturas que impartimos, de las cuales 75 son de Grado y 110 de Master Universitario abordamos los t\u00f3picos que la Agencia Estatal de Investigaci\u00f3n define para nuestra \u00e1rea tem\u00e1tica (\u00c1rea 8. PSI \/ Psicolog\u00eda &#8211; d) Psicolog\u00eda Social): \u201cel estudio de la interacci\u00f3n social entre individuos y entre grupos en diversos contextos sociales y la influencia del contexto f\u00edsico y social en las personas y grupos, abarcando el estudio de las actitudes, emociones, normas, prejuicios, conflicto, discriminaci\u00f3n e influencia social, comunicaci\u00f3n y persuasi\u00f3n, comportamiento colectivo, cultura, violencia, comportamiento pro-social, intervenci\u00f3n psicosocial, as\u00ed como el contexto del trabajo, la conducta organizacional, y el desarrollo de recursos humanos\u201d <a href=\"https:\/\/www.aei.gob.es\/areas-tematicas\/areas-tematicas\" target=\"_blank\" rel=\"noopener\">\u00c1reas Tem\u00e1ticas | Agencia Estatal de Investigaci\u00f3n (aei.gob.es).<\/a><\/p><p>Adem\u00e1s, nuestro departamento de Psicolog\u00eda Social colabora activamente con la facultad de Psicolog\u00eda y el resto de departamentos de la misma en la configuraci\u00f3n de dos titulaciones oficiales nuevas muy ilusionantes para nosotros aprobadas en por el Consejo de Universidades de Andaluc\u00eda, como son el Grado en Logopedia y el Master Universitario en Psicolog\u00eda del Ejercicio, el Deporte y el Rendimiento Humano.<\/p><p><span style=\"color: var( --e-global-color-text ); font-family: var( --e-global-typography-text-font-family ), Sans-serif; font-weight: var( --e-global-typography-text-font-weight ); text-align: var(--text-align); font-size: 1rem;\">Aparte de la docencia oficial, nuestros docentes tambi\u00e9n dirigen y participan en la oferta de Master, diplomas de especializaci\u00f3n y otros cursos propios del <\/span><a style=\"font-family: var( --e-global-typography-text-font-family ), Sans-serif; font-weight: var( --e-global-typography-text-font-weight ); text-align: var(--text-align); background-color: #ffffff; font-size: 1rem;\" href=\"https:\/\/cfp.us.es\/\" target=\"_blank\" rel=\"noopener\">Centro de Formaci\u00f3n Permanente<\/a><span style=\"color: var( --e-global-color-text ); font-family: var( --e-global-typography-text-font-family ), Sans-serif; font-weight: var( --e-global-typography-text-font-weight ); text-align: var(--text-align); font-size: 1rem;\"> de la Universidad de Sevilla como el <\/span><a style=\"font-family: var( --e-global-typography-text-font-family ), Sans-serif; font-weight: var( --e-global-typography-text-font-weight ); text-align: var(--text-align); background-color: #ffffff; font-size: 1rem;\" href=\"https:\/\/cfp.us.es\/cursos\/mu\/psicologia-de-la-actividad-fisica-y-el-deporte\/6814\/\" target=\"_blank\" rel=\"noopener\">Master Propio en Psicolog\u00eda de la Actividad F\u00edsica y el Deporte<\/a><span style=\"color: var( --e-global-color-text ); font-family: var( --e-global-typography-text-font-family ), Sans-serif; font-weight: var( --e-global-typography-text-font-weight ); text-align: var(--text-align); font-size: 1rem;\"> (IX Edici\u00f3n), <\/span><a style=\"font-family: var( --e-global-typography-text-font-family ), Sans-serif; font-weight: var( --e-global-typography-text-font-weight ); text-align: var(--text-align); background-color: #ffffff; font-size: 1rem;\" href=\"https:\/\/www.master.us.es\/mastersexologia\/\" target=\"_blank\" rel=\"noopener\">Master Propio en Sexolog\u00eda<\/a><span style=\"color: var( --e-global-color-text ); font-family: var( --e-global-typography-text-font-family ), Sans-serif; font-weight: var( --e-global-typography-text-font-weight ); text-align: var(--text-align); font-size: 1rem;\"> (XV Edici\u00f3n).<\/span><\/p>\t\t\t\t\t\t\t\t<\/div>\n\t\t\t\t<\/div>\n\t\t\t\t\t<\/div>\n\t\t\t\t<\/div>\n\t\t<div class=\"elementor-element elementor-element-c83a701 e-flex e-con-boxed e-con e-parent\" data-id=\"c83a701\" data-element_type=\"container\" data-e-type=\"container\">\n\t\t\t\t\t<div class=\"e-con-inner\">\n\t\t\t\t<div class=\"elementor-element elementor-element-51050bf elementor-widget elementor-widget-heading\" data-id=\"51050bf\" data-element_type=\"widget\" data-e-type=\"widget\" data-widget_type=\"heading.default\">\n\t\t\t\t<div class=\"elementor-widget-container\">\n\t\t\t\t\t<h4 class=\"elementor-heading-title elementor-size-default\">Consulta nuestra actividad docente para el curso 2025-26\n<\/h4>\t\t\t\t<\/div>\n\t\t\t\t<\/div>\n\t\t\t\t<div class=\"elementor-element elementor-element-7c75055 elementor-widget elementor-widget-image\" data-id=\"7c75055\" data-element_type=\"widget\" data-e-type=\"widget\" data-widget_type=\"image.default\">\n\t\t\t\t<div class=\"elementor-widget-container\">\n\t\t\t\t\t\t\t\t\t\t\t\t\t\t\t<img decoding=\"async\" src=\"https:\/\/departamento.us.es\/psocial\/wp-content\/uploads\/elementor\/thumbs\/cabecera_titular_2-rbvrxn6r2pun7c4268jm1hp7w96zrbgqonnr8u2rfo.jpg\" title=\"cabecera_titular_2\" alt=\"cabecera_titular_2\" loading=\"lazy\" \/>\t\t\t\t\t\t\t\t\t\t\t\t\t\t\t<\/div>\n\t\t\t\t<\/div>\n\t\t\t\t\t<\/div>\n\t\t\t\t<\/div>\n\t\t<div class=\"elementor-element elementor-element-dfb3056 e-grid e-con-boxed e-con e-parent\" data-id=\"dfb3056\" data-element_type=\"container\" data-e-type=\"container\">\n\t\t\t\t\t<div class=\"e-con-inner\">\n\t\t\t\t<div class=\"elementor-element elementor-element-58595e5 elementor-widget elementor-widget-heading\" data-id=\"58595e5\" data-element_type=\"widget\" data-e-type=\"widget\" data-widget_type=\"heading.default\">\n\t\t\t\t<div class=\"elementor-widget-container\">\n\t\t\t\t\t<h5 class=\"elementor-heading-title elementor-size-default\"><a href=\"https:\/\/departamento.us.es\/psocial\/wp-content\/uploads\/2024\/09\/PAP-Psicologia-Social.pdf\" target=\"_blank\">Plan de asignaci\u00f3n del profesorado (docencia en aula)<\/a><\/h5>\t\t\t\t<\/div>\n\t\t\t\t<\/div>\n\t\t\t\t<div class=\"elementor-element elementor-element-5b7a1c0 elementor-widget elementor-widget-heading\" data-id=\"5b7a1c0\" data-element_type=\"widget\" data-e-type=\"widget\" data-widget_type=\"heading.default\">\n\t\t\t\t<div class=\"elementor-widget-container\">\n\t\t\t\t\t<h5 class=\"elementor-heading-title elementor-size-default\">Tutelas de TFM, TFG y Practicum<\/h5>\t\t\t\t<\/div>\n\t\t\t\t<\/div>\n\t\t\t\t<div class=\"elementor-element elementor-element-ea2a581 elementor-widget elementor-widget-heading\" data-id=\"ea2a581\" data-element_type=\"widget\" data-e-type=\"widget\" data-widget_type=\"heading.default\">\n\t\t\t\t<div class=\"elementor-widget-container\">\n\t\t\t\t\t<h5 class=\"elementor-heading-title elementor-size-default\"><a href=\"https:\/\/departamento.us.es\/psocial\/horario-de-tutorias\/\" target=\"_blank\">Horario de tutor\u00edas del profesorado<\/a><\/h5>\t\t\t\t<\/div>\n\t\t\t\t<\/div>\n\t\t\t\t\t<\/div>\n\t\t\t\t<\/div>\n\t\t\t\t<\/div>\n\t\t","protected":false},"excerpt":{"rendered":"<p>Nuestro personal est\u00e1 a la vanguardia sobre metodolog\u00edas docentes gracias a su participaci\u00f3n en cursos y congresos de innovaci\u00f3n. Ello le permite actualizar conocimientos relacionados con la docencia, mejorar la calidad educativa, aumentar la motivaci\u00f3n del estudiante, desarrollar habilidades tecnol\u00f3gicas; adaptarse a diversos estilos de aprendizaje, utilizar y fomentar el pensamiento cr\u00edtico y creativo, fomentar [&hellip;]<\/p>\n","protected":false},"author":3,"featured_media":0,"parent":0,"menu_order":0,"comment_status":"closed","ping_status":"closed","template":"","meta":{"footnotes":""},"class_list":["post-2659","page","type-page","status-publish","hentry"],"yoast_head":"<!-- This site is optimized with the Yoast SEO plugin v27.3 - https:\/\/yoast.com\/product\/yoast-seo-wordpress\/ -->\n<title>Impartimos Docencia - Psicolog\u00eda Social<\/title>\n<meta name=\"robots\" content=\"index, follow, max-snippet:-1, max-image-preview:large, max-video-preview:-1\" \/>\n<link rel=\"canonical\" href=\"https:\/\/departamento.us.es\/psocial\/impartimos-docencia\/\" \/>\n<meta property=\"og:locale\" content=\"es_ES\" \/>\n<meta property=\"og:type\" content=\"article\" \/>\n<meta property=\"og:title\" content=\"Impartimos Docencia - Psicolog\u00eda Social\" \/>\n<meta property=\"og:description\" content=\"Nuestro personal est\u00e1 a la vanguardia sobre metodolog\u00edas docentes gracias a su participaci\u00f3n en cursos y congresos de innovaci\u00f3n. Ello le permite actualizar conocimientos relacionados con la docencia, mejorar la calidad educativa, aumentar la motivaci\u00f3n del estudiante, desarrollar habilidades tecnol\u00f3gicas; adaptarse a diversos estilos de aprendizaje, utilizar y fomentar el pensamiento cr\u00edtico y creativo, fomentar [&hellip;]\" \/>\n<meta property=\"og:url\" content=\"https:\/\/departamento.us.es\/psocial\/impartimos-docencia\/\" \/>\n<meta property=\"og:site_name\" content=\"Psicolog\u00eda Social\" \/>\n<meta property=\"article:modified_time\" content=\"2025-09-08T10:37:02+00:00\" \/>\n<meta property=\"og:image\" content=\"https:\/\/departamento.us.es\/psocial\/wp-content\/uploads\/2024\/07\/imparte-docencia2.jpg\" \/>\n\t<meta property=\"og:image:width\" content=\"1140\" \/>\n\t<meta property=\"og:image:height\" content=\"400\" \/>\n\t<meta property=\"og:image:type\" content=\"image\/jpeg\" \/>\n<meta name=\"twitter:card\" content=\"summary_large_image\" \/>\n<meta name=\"twitter:label1\" content=\"Tiempo de lectura\" \/>\n\t<meta name=\"twitter:data1\" content=\"3 minutos\" \/>\n<script type=\"application\/ld+json\" class=\"yoast-schema-graph\">{\"@context\":\"https:\\\/\\\/schema.org\",\"@graph\":[{\"@type\":\"WebPage\",\"@id\":\"https:\\\/\\\/departamento.us.es\\\/psocial\\\/impartimos-docencia\\\/\",\"url\":\"https:\\\/\\\/departamento.us.es\\\/psocial\\\/impartimos-docencia\\\/\",\"name\":\"Impartimos Docencia - Psicolog\u00eda Social\",\"isPartOf\":{\"@id\":\"https:\\\/\\\/departamento.us.es\\\/psocial\\\/#website\"},\"primaryImageOfPage\":{\"@id\":\"https:\\\/\\\/departamento.us.es\\\/psocial\\\/impartimos-docencia\\\/#primaryimage\"},\"image\":{\"@id\":\"https:\\\/\\\/departamento.us.es\\\/psocial\\\/impartimos-docencia\\\/#primaryimage\"},\"thumbnailUrl\":\"https:\\\/\\\/departamento.us.es\\\/psocial\\\/wp-content\\\/uploads\\\/2024\\\/07\\\/imparte-docencia2.jpg\",\"datePublished\":\"2023-10-03T10:31:19+00:00\",\"dateModified\":\"2025-09-08T10:37:02+00:00\",\"inLanguage\":\"es\",\"potentialAction\":[{\"@type\":\"ReadAction\",\"target\":[\"https:\\\/\\\/departamento.us.es\\\/psocial\\\/impartimos-docencia\\\/\"]}]},{\"@type\":\"ImageObject\",\"inLanguage\":\"es\",\"@id\":\"https:\\\/\\\/departamento.us.es\\\/psocial\\\/impartimos-docencia\\\/#primaryimage\",\"url\":\"https:\\\/\\\/departamento.us.es\\\/psocial\\\/wp-content\\\/uploads\\\/2024\\\/07\\\/imparte-docencia2.jpg\",\"contentUrl\":\"https:\\\/\\\/departamento.us.es\\\/psocial\\\/wp-content\\\/uploads\\\/2024\\\/07\\\/imparte-docencia2.jpg\",\"width\":1140,\"height\":400},{\"@type\":\"WebSite\",\"@id\":\"https:\\\/\\\/departamento.us.es\\\/psocial\\\/#website\",\"url\":\"https:\\\/\\\/departamento.us.es\\\/psocial\\\/\",\"name\":\"Psicolog\u00eda Social\",\"description\":\"Departamento de Psicolog\u00eda Social de la Universidad de Sevilla\",\"publisher\":{\"@id\":\"https:\\\/\\\/departamento.us.es\\\/psocial\\\/#organization\"},\"potentialAction\":[{\"@type\":\"SearchAction\",\"target\":{\"@type\":\"EntryPoint\",\"urlTemplate\":\"https:\\\/\\\/departamento.us.es\\\/psocial\\\/?s={search_term_string}\"},\"query-input\":{\"@type\":\"PropertyValueSpecification\",\"valueRequired\":true,\"valueName\":\"search_term_string\"}}],\"inLanguage\":\"es\"},{\"@type\":\"Organization\",\"@id\":\"https:\\\/\\\/departamento.us.es\\\/psocial\\\/#organization\",\"name\":\"Departamento de Psicolog\u00eda Social de la Universidad de Sevilla\",\"url\":\"https:\\\/\\\/departamento.us.es\\\/psocial\\\/\",\"logo\":{\"@type\":\"ImageObject\",\"inLanguage\":\"es\",\"@id\":\"https:\\\/\\\/departamento.us.es\\\/psocial\\\/#\\\/schema\\\/logo\\\/image\\\/\",\"url\":\"https:\\\/\\\/departamento.us.es\\\/psocial\\\/wp-content\\\/uploads\\\/2023\\\/10\\\/Logo-Modificado-redim.png\",\"contentUrl\":\"https:\\\/\\\/departamento.us.es\\\/psocial\\\/wp-content\\\/uploads\\\/2023\\\/10\\\/Logo-Modificado-redim.png\",\"width\":981,\"height\":982,\"caption\":\"Departamento de Psicolog\u00eda Social de la Universidad de Sevilla\"},\"image\":{\"@id\":\"https:\\\/\\\/departamento.us.es\\\/psocial\\\/#\\\/schema\\\/logo\\\/image\\\/\"}}]}<\/script>\n<!-- \/ Yoast SEO plugin. -->","yoast_head_json":{"title":"Impartimos Docencia - Psicolog\u00eda Social","robots":{"index":"index","follow":"follow","max-snippet":"max-snippet:-1","max-image-preview":"max-image-preview:large","max-video-preview":"max-video-preview:-1"},"canonical":"https:\/\/departamento.us.es\/psocial\/impartimos-docencia\/","og_locale":"es_ES","og_type":"article","og_title":"Impartimos Docencia - Psicolog\u00eda Social","og_description":"Nuestro personal est\u00e1 a la vanguardia sobre metodolog\u00edas docentes gracias a su participaci\u00f3n en cursos y congresos de innovaci\u00f3n. Ello le permite actualizar conocimientos relacionados con la docencia, mejorar la calidad educativa, aumentar la motivaci\u00f3n del estudiante, desarrollar habilidades tecnol\u00f3gicas; adaptarse a diversos estilos de aprendizaje, utilizar y fomentar el pensamiento cr\u00edtico y creativo, fomentar [&hellip;]","og_url":"https:\/\/departamento.us.es\/psocial\/impartimos-docencia\/","og_site_name":"Psicolog\u00eda Social","article_modified_time":"2025-09-08T10:37:02+00:00","og_image":[{"width":1140,"height":400,"url":"https:\/\/departamento.us.es\/psocial\/wp-content\/uploads\/2024\/07\/imparte-docencia2.jpg","type":"image\/jpeg"}],"twitter_card":"summary_large_image","twitter_misc":{"Tiempo de lectura":"3 minutos"},"schema":{"@context":"https:\/\/schema.org","@graph":[{"@type":"WebPage","@id":"https:\/\/departamento.us.es\/psocial\/impartimos-docencia\/","url":"https:\/\/departamento.us.es\/psocial\/impartimos-docencia\/","name":"Impartimos Docencia - Psicolog\u00eda Social","isPartOf":{"@id":"https:\/\/departamento.us.es\/psocial\/#website"},"primaryImageOfPage":{"@id":"https:\/\/departamento.us.es\/psocial\/impartimos-docencia\/#primaryimage"},"image":{"@id":"https:\/\/departamento.us.es\/psocial\/impartimos-docencia\/#primaryimage"},"thumbnailUrl":"https:\/\/departamento.us.es\/psocial\/wp-content\/uploads\/2024\/07\/imparte-docencia2.jpg","datePublished":"2023-10-03T10:31:19+00:00","dateModified":"2025-09-08T10:37:02+00:00","inLanguage":"es","potentialAction":[{"@type":"ReadAction","target":["https:\/\/departamento.us.es\/psocial\/impartimos-docencia\/"]}]},{"@type":"ImageObject","inLanguage":"es","@id":"https:\/\/departamento.us.es\/psocial\/impartimos-docencia\/#primaryimage","url":"https:\/\/departamento.us.es\/psocial\/wp-content\/uploads\/2024\/07\/imparte-docencia2.jpg","contentUrl":"https:\/\/departamento.us.es\/psocial\/wp-content\/uploads\/2024\/07\/imparte-docencia2.jpg","width":1140,"height":400},{"@type":"WebSite","@id":"https:\/\/departamento.us.es\/psocial\/#website","url":"https:\/\/departamento.us.es\/psocial\/","name":"Psicolog\u00eda Social","description":"Departamento de Psicolog\u00eda Social de la Universidad de Sevilla","publisher":{"@id":"https:\/\/departamento.us.es\/psocial\/#organization"},"potentialAction":[{"@type":"SearchAction","target":{"@type":"EntryPoint","urlTemplate":"https:\/\/departamento.us.es\/psocial\/?s={search_term_string}"},"query-input":{"@type":"PropertyValueSpecification","valueRequired":true,"valueName":"search_term_string"}}],"inLanguage":"es"},{"@type":"Organization","@id":"https:\/\/departamento.us.es\/psocial\/#organization","name":"Departamento de Psicolog\u00eda Social de la Universidad de Sevilla","url":"https:\/\/departamento.us.es\/psocial\/","logo":{"@type":"ImageObject","inLanguage":"es","@id":"https:\/\/departamento.us.es\/psocial\/#\/schema\/logo\/image\/","url":"https:\/\/departamento.us.es\/psocial\/wp-content\/uploads\/2023\/10\/Logo-Modificado-redim.png","contentUrl":"https:\/\/departamento.us.es\/psocial\/wp-content\/uploads\/2023\/10\/Logo-Modificado-redim.png","width":981,"height":982,"caption":"Departamento de Psicolog\u00eda Social de la Universidad de Sevilla"},"image":{"@id":"https:\/\/departamento.us.es\/psocial\/#\/schema\/logo\/image\/"}}]}},"_links":{"self":[{"href":"https:\/\/departamento.us.es\/psocial\/wp-json\/wp\/v2\/pages\/2659","targetHints":{"allow":["GET"]}}],"collection":[{"href":"https:\/\/departamento.us.es\/psocial\/wp-json\/wp\/v2\/pages"}],"about":[{"href":"https:\/\/departamento.us.es\/psocial\/wp-json\/wp\/v2\/types\/page"}],"author":[{"embeddable":true,"href":"https:\/\/departamento.us.es\/psocial\/wp-json\/wp\/v2\/users\/3"}],"replies":[{"embeddable":true,"href":"https:\/\/departamento.us.es\/psocial\/wp-json\/wp\/v2\/comments?post=2659"}],"version-history":[{"count":67,"href":"https:\/\/departamento.us.es\/psocial\/wp-json\/wp\/v2\/pages\/2659\/revisions"}],"predecessor-version":[{"id":4494,"href":"https:\/\/departamento.us.es\/psocial\/wp-json\/wp\/v2\/pages\/2659\/revisions\/4494"}],"wp:attachment":[{"href":"https:\/\/departamento.us.es\/psocial\/wp-json\/wp\/v2\/media?parent=2659"}],"curies":[{"name":"wp","href":"https:\/\/api.w.org\/{rel}","templated":true}]}}